0 (base 12) in base 13?
-16379a
What is -a3031e (base 15) in base 16?
-763319
-32537202 (base 8) to base 3
-111011102010210
What is 657296 (base 12) in base 9?
3022326
What is 550418 (base 9) in base 14?
87967
What is 11011111210 (base 3) in base 4?
110001210
What is 26a1b (base 15) in base 9?
207708
24321665 (base 8) to base 2
10100011010001110110101
-12254531 (base 7) to base 15
-16caee
Convert 10a288 (base 11) to base 16.
2aa6b
What is -2020103041 (base 5) in base 14?
-77bb01
Convert -80ba7 (base 15) to base 12.
-177a94
5b441 (base 14) to base 7
1616311
What is -276166 (base 11) in base 16?
-69a80
30425275 (base 8) to base 6
345520325
-122210232222 (base 4) to base 9
-14086726
Convert 5304a7 (base 12) to base 7.
14052463
231401350 (base 7) to base 3
222200201000211
1906199 (base 12) to base 2
10011111110010110000101
What is 8aa021 (base 13) in base 8?
14402177
-555241 (base 7) to base 3
-11222021021
-383638 (base 9) to base 14
-6095d
Convert -1707a (base 15) to base 13.
-27b05
404244201 (base 6) to base 14
cc4489
-11101001111101001000 (base 2) to base 3
-1210200111212
Convert 2658d5 (base 14) to base 16.
142a93
Convert 208600 (base 10) to base 13.
73c42
35fb9f (base 16) to base 6
203454451
153415 (base 9) to base 16
170ab
-1113028 (base 9) to base 11
-37a266
752425 (base 8) to base 3
110202112010
-4524030 (base 6) to base 11
-147042
Convert -101111222000010 (base 3) to base 5.
-2412323441
Convert -71dd (base 16) to base 10.
-29149
Convert 4731279 (base 12) to base 7.
224605455
-546a36 (base 16) to base 2
-10101000110101000110110
-7642031 (base 8) to base 12
-829961
2b302 (base 15) to base 13
4b3a4
What is -12100313 (base 5) in base 11?
-77649
-55432534 (base 7) to base 3
-22222220202221
Convert -116631b (base 15) to base 3.
-212110210001222
-2774135 (base 9) to base 10
-1525181
-baada (base 15) to base 6
-20413424
Convert 450a30 (base 13) to base 3.
10001210112111
Convert -505641 (base 16) to base 14.
-9b0a09
10010000011100000010 (base 2) to base 5
122412433
-110110100001001111000 (base 2) to base 4
-12310021320
-c64 (base 16) to base 3
-11100111
What is -10000112020112 (base 3) in base 10?
-1604705
-11200101110202 (base 3) to base 11
-144a049
Convert -255990 (base 11) to base 16.
-626ce
30dcf (base 16) to base 12
979a7
1111011111100011 (base 2) to base 14
191ab
What is 3434236 (base 8) in base 12?
38b426
-44221313 (base 7) to base 14
-71027a
What is -22101011010122 (base 3) in base 6?
-235224112
What is -100001001101110001 (base 2) in base 14?
-3781b
What is -101111101010000010000 (base 2) in base 7?
-16162550
What is -9aa21d (base 14) in base 16?
-502553
-cabd (base 16) to base 14
-14cb3
What is -343223101 (base 6) in base 10?
-6317389
What is 1149fc (base 16) in base 6?
40141340
10871701 (base 9) to base 15
6eb20a
Convert 184576 (base 11) to base 14.
757d5
-1824c (base 16) to base 7
-561213
-5314120 (base 6) to base 14
-6a46c
-426a8 (base 12) to base 16
-15560
Convert -100001001101001101000 (base 2) to base 6.
-35153304
1240258 (base 11) to base 3
11001100201102
Convert 6682 (base 16) to base 9.
38887
Convert -1332915 (base 12) to base 9.
-7130778
Convert -11001000010110000010 (base 2) to base 3.
-1112200122222
80102 (base 10) to base 13
2a5c9
205b279 (base 12) to base 10
6095037
What is 20003100 (base 6) in base 10?
560556
What is -1235051 (base 6) in base 8?
-203207
Convert -771184 (base 9) to base 8.
-1602574
Convert -67bcc5 (base 13) to base 7.
-26600432
What is 36619 (base 15) in base 5?
21022444
What is 15544605 (base 8) in base 5?
1404344113
Convert 2429c (base 16) to base 12.
71878
What is -1202122100 (base 3) in base 13?
-12a68
Convert 24605 (base 8) to base 14.
3c33
Convert -652630 (base 8) to base 14.
-598c8
What is -1111111111000000101010 (base 2) in base 5?
-2033042000
Convert 5c9 (base 13) to base 14.
522
Convert -1100110000101110 (base 2) to base 14.
-15098
Convert 160843a (base 12) to base 7.
53123233
What is -193698 (base 11) in base 14?
-7a686
Convert 1055355403 (base 6) to base 3.
211002112120110
43b7 (base 16) to base 2
100001110110111
Convert -12132320 (base 5) to base 12.
-56472
What is -183052 (base 9) in base 2?
-11011110001101011
Convert 203d2 (base 14) to base 10.
77604
-281307 (base 15) to base 13
-52661b
Convert -90a14 (base 11) to base 14.
-36678
What is -22311230002 (base 4) in base 2?
-1010110101101100000010
-131ba8 (base 13) to base 10
-461170
Convert -24753 (base 11) to base 15.
-a7c6
cbee (base 16) to base 9
78546
-3ab855 (base 12) to base 11
-605929
What is 125abd (base 14) in base 7?
5234126
What is -30321133 (base 4) in base 7?
-310012
101103130 (base 4) to base 14
1bb88
acf54 (base 16) to base 11
444293
Convert -110111100001111110011 (base 2) to base 11.
-1033134
What is 21420340 (base 5) in base 11?
117597
Convert -165655 (base 7) to base 9.
-50557
-100121011221 (base 3) to base 6
-4014424
What is -1395380 (base 10) in base 12?
-573618
What is -316007 (base 10) in base 8?
-1151147
Convert -2855519 (base 11) to base 14.
-91c143
What is -30964 (base 10) in base 4?
-13203310
-70483 (base 15) to base 10
-355398
Convert 2910478 (base 10) to base 16.
2c690e
Convert 1010214332 (base 5) to base 7.
23220532
What is 4441340 (base 5) in base 14?
20476
Convert 2506 (base 13) to base 14.
1ca9
Convert 2020022012222 (base 3) to base 9.
2208188
-2011121001 (base 3) to base 9
-64531
What is -302131202 (base 4) in base 10?
-206690
-13113110302 (base 4) to base 13
-527947
11001010111000000 (base 2) to base 8
312700
Convert 3cffdc (base 16) to base 6.
221403404
Convert 132bc04 (base 14) to base 15.
c2b6a5
433234 (base 7) to base 6
1341531
-16040003 (base 7) to base 12
-622798
-377625 (base 15) to base 9
-5000368
1135623 (base 8) to base 2
1001011101110010011
What is 202632033 (base 7) in base 9?
24306530
2120120220101 (base 3) to base 6
45205144
What is 4434b (base 13) in base 16?
1e2d2
Convert -1112521 (base 8) to base 11.
-195743
857500 (base 9) to base 14
d418d
-110020101110022 (base 3) to base 14
-c13c8c
Convert -cda2ef (base 16) to base 3.
-221100200102000
Convert 4c39e (base 16) to base 2.
1001100001110011110
4933586 (base 10) to base 4
102310133102
What is -22132001 (base 4) in base 15?
-ca8b
Convert 375644 (base 16) to base 12.
126a858
Convert -4dd634 (base 15) to base 10.
-3740899
Convert -409252 (base 10) to base 9.
-683344
What is 10011622 (base 8) in base 4?
20001032102
What is 25778 (base 13) in base 12?
341a5
42524 (base 8) to base 11
12375
1637026 (base 11) to base 4
22221123133
1209151 (base 11) to base 6
113045055
Convert 1443312 (base 8) to base 7.
3332144
Convert -71222 (base 9) to base 15.
-dd28
1022131032 (base 4) to base 3
120111100100
What is 3334005 (base 6) in base 7?
1266644
Convert 22131255 (base 6) to base 7.
5440163
Convert -41441662 (base 7) to base 16.
-353e36
What is 37731 (base 12) in base 14?
1d661
Convert -18a99b (base 12) to base 5.
-102332130
What is -131022111323 (base 4) in base 5?
-3424111124
What is 11100000111001010101010 (base 2) in base 9?
14771806
-502510515 (base 6) to base 8
-40427457
What is -11101101110011010001 (base 2) in base 9?
-1744108
Convert -13555410 (base 6) to base 10.
-466494
Convert 502251 (base 6) to base 11.
27682
-a18274 (base 13) to base 4
-32111312030
What is b23e0 (base 15) in base 12?
232826
Convert -1b06a79 (base 12) to base 8.
-25701175
Convert 6cc670 (base 14) to base 15.
4d7cc8
Convert -6530264 (base 7) to base 9.
-1444582
Convert 3b290a (base 15) to base 4.
22312102021
Convert 3528 (base 11) to base 2.
1001000010100
-1c294 (base 14) to base 13
-26932
-1011000100011 (base 2) to base 7
-22344
Convert -41549 (base 14) to base 4.
-212130031
What is -1002211001012201 (base 3) in base 6?
-1323343414
Convert 39ed (base 16) to base 10.
14829
What is 3340aa (base 11) in base 10?
532520
What is 3434071 (base 12) in base 11?
5726050
What is -12340331 (base 5) in base 3?
-20011110010
-b9d92 (base 14) to base 5
-103344243
Convert -21602 (base 7) to base 10.
-5441
What is -704f5 (base 16) in base 2?
-1110000010011110101
10101433131 (base 5) to base 16
9b6faa
Convert 14d996 (base 16) to base 10.
1366422
2646712 (base 8) to base 12
2b8862
What is -d5d11e (base 15) in base 13?
-2150849
10001100010101 (base 2) to base 13
411b
What is -1140374 (base 8) in base 